Is 4354 a factor of 109814717?
False
Is 164838362 a multiple of 13?
True
Does 7 divide 18645557?
True
Is 1180 a factor of 951476480?
True
Does 521 divide 985237884?
False
Is 2485 a factor of 41365310?
True
Is 335 a factor of 1315372810?
True
Is 2570 a factor of 209069500?
True
Is 740 a factor of 27682528?
False
Is 272 a factor of 954542070?
False
Does 41 divide 92160005?
True
Is 2105994878 a multiple of 9?
False
Does 135 divide 8463142?
False
Is 713 a factor of 484540449?
False
Does 38 divide 24096788?
True
Is 2200 a factor of 92829000?
True
Is 351 a factor of 73016197?
False
Is 12219962 a multiple of 622?
False
Is 1014452845 a multiple of 2353?
False
Is 150908160 a multiple of 3023?
True
Is 1068 a factor of 611369124?
True
Is 6007287 a multiple of 2?
False
Is 91978904 a multiple of 5?
False
Is 379 a factor of 2494983151?
True
Is 22531960 a multiple of 55?
True
Does 839 divide 7796681?
False
Is 11330400 a multiple of 150?
True
Is 310834 a multiple of 19?
False
Does 439 divide 134994695?
True
Is 899 a factor of 38868099?
False
Is 2855 a factor of 127572820?
True
Is 84450016 a multiple of 34?
True
Is 24607898 a multiple of 7?
True
Is 60 a factor of 42066120?
True
Does 11 divide 1074658420?
True
Is 7511767 a multiple of 6?
False
Does 1954 divide 161261666?
True
Is 291379790 a multiple of 8?
False
Is 1294776641 a multiple of 3244?
False
Does 29 divide 141433551?
True
Is 654860528 a multiple of 20?
False
Is 2777364 a multiple of 7?
False
Is 187157458 a multiple of 1753?
False
Is 51 a factor of 34946475?
True
Does 3 divide 1282187601?
True
Is 2868 a factor of 188711532?
True
Is 332578622 a multiple of 14?
False
Is 104675919 a multiple of 349?
True
Is 80 a factor of 4918640?
True
Does 21 divide 306831?
True
Is 123450262 a multiple of 41?
True
Does 903 divide 756112156?
False
Is 1087840 a multiple of 52?
True
Is 92 a factor of 326285820?
True
Is 46 a factor of 1713323657?
False
Does 470 divide 14995014?
False
Is 103627040 a multiple of 44?
True
Does 19 divide 48670932?
True
Is 50 a factor of 15973050?
True
Does 281 divide 151410106?
True
Does 364 divide 169710119?
False
Does 14 divide 17978490?
False
Is 20 a factor of 3610484?
False
Is 10135326 a multiple of 31?
True
Does 12 divide 5929860?
True
Is 20 a factor of 443696140?
True
Is 499 a factor of 91162899?
False
Is 1740570 a multiple of 10?
True
Is 86 a factor of 7070404?
True
Is 98683681 a multiple of 342?
False
Does 115 divide 128117507?
False
Is 663265894 a multiple of 248?
False
Is 5604893 a multiple of 9?
False
Is 6232418 a multiple of 22?
False
Is 1507411048 a multiple of 169?
True
Is 41 a factor of 6061933551?
False
Does 565 divide 454017420?
False
Is 278075460 a multiple of 1005?
True
Is 87375901 a multiple of 46?
False
Is 51 a factor of 1991335646?
False
Is 142074228 a multiple of 222?
True
Is 796978840 a multiple of 329?
False
Is 273 a factor of 19262464?
False
Is 1562796690 a multiple of 9646?
True
Is 5850597 a multiple of 11?
False
Does 578 divide 9710518?
False
Is 118 a factor of 1498924609?
False
Is 2029645932 a multiple of 141?
True
Does 13 divide 5112280712?
False
Is 76882391 a multiple of 3?
False
Is 1598 a factor of 19418896?
True
Does 39 divide 782345446?
False
Does 67 divide 1385091?
True
Is 277 a factor of 119242683?
True
Is 60996892 a multiple of 44?
True
Is 1427 a factor of 17044088?
True
Does 487 divide 2818269?
True
Is 641261874 a multiple of 811?
False
Does 43 divide 293731753?
True
Is 42 a factor of 13211352?
True
Is 822 a factor of 95725188?
True
Does 8305 divide 1249205234?
False
Does 96 divide 1028656320?
True
Does 9 divide 7840476?
True
Is 680095316 a multiple of 5?
False
Does 22 divide 906134083?
False
Is 2 a factor of 2924332?
True
Is 796258249 a multiple of 8?
False
Is 288441531 a multiple of 9?
True
Is 37 a factor of 676449429?
True
Is 42 a factor of 3800118?
True
Does 1640 divide 424410680?
True
Is 11 a factor of 21095920?
False
Is 6628 a factor of 209672034?
False
Is 326 a factor of 49016760?
False
Does 67 divide 724769825?
False
Is 465519452 a multiple of 12?
False
Does 126 divide 3066438?
False
Does 468 divide 271140012?
True
Is 13 a factor of 20967916?
False
Is 20049501 a multiple of 67?
False
Is 332 a factor of 5081592?
True
Does 1104 divide 248048478?
False
Does 92 divide 4157112?
True
Does 40 divide 863573954?
False
Does 2264 divide 123907706?
False
Is 1334176437 a multiple of 129?
True
Is 3163 a factor of 416216573?
False
Is 43 a factor of 1329765196?
True
Is 286530102 a multiple of 1114?
False
Does 161 divide 1372167?
False
Is 665915738 a multiple of 1562?
False
Is 28 a factor of 92966045?
False
Is 5 a factor of 56052379?
False
Does 331 divide 9477854?
True
Is 119414653 a multiple of 4?
False
Is 33898332 a multiple of 377?
True
Is 4676 a factor of 150122980?
True
Is 620652028 a multiple of 9?
False
Is 1101 a factor of 26357050?
False
Is 11 a factor of 8020828?
False
Is 1034877550 a multiple of 5950?
True
Is 31 a factor of 2233884685?
False
Is 432719 a multiple of 322?
False
Is 229222994 a multiple of 56?
False
Does 36 divide 1124745660?
True
Does 16 divide 878437856?
True
Is 8907286942 a multiple of 12?
False
Is 2104856265 a multiple of 61?
False
Is 10 a factor of 53229886?
False
Is 22 a factor of 43712856?
True
Is 4 a factor of 6946556?
True
Is 444 a factor of 973879499?
False
Does 171 divide 126095742?
True
Does 2248 divide 65315640?
True
Is 88 a factor of 3294368?
True
Is 172722992 a multiple of 84?
False
Is 20419684 a multiple of 16?
False
Does 51 divide 9224523?
True
Is 2394685602 a multiple of 1150?
False
Is 563133020 a multiple of 10817?
True
Is 19 a factor of 2542761031?
False
Is 50 a factor of 643902150?
True
Does 67 divide 546007924?
True
Is 170977768 a multiple of 23?
True
Is 27 a factor of 30217509?
True
Is 1067 a factor of 101254032?
True
Is 1130112433 a multiple of 222?
False
Does 603 divide 2096930372?
False
Does 111 divide 76784795?
False
Is 83 a factor of 10347669?
False
Does 71 divide 235555251?
False
Does 1597 divide 4669115087?
False
Does 7 divide 88151368?
False
Is 36768166 a multiple of 2?
True
Is 84 a factor of 573012112?
False
Is 9 a factor of 69871311?
True
Is 992 a factor of 56232549?
False
Is 10869132 a multiple of 6?
True
Is 145 a factor of 13474995?
True
Does 27 divide 147134563?
False
Is 86 a factor of 3078355724?
True
Does 1396 divide 85217424?
True
Is 20123985 a multiple of 6?
False
Does 41 divide 19661550?
True
Is 133988480 a multiple of 10?
True
Does 60 divide 14907480?
True
Does 364 divide 17447538?
False
Is 2757931708 a multiple of 87?
False
Does 63 divide 7026201?
True
Does 177 divide 3610433480?
False
Does 460 divide 123007680?
True
Is 646597165 a multiple of 30?
False
Is 149 a factor of 40665527?
True
Is 12408300 a multiple of 150?
True
Is 114073583 a multiple of 299?
True
Is 31 a factor of 2644387761?
True
Does 264 divide 214642201?
False
Is 3 a factor of 310773939?
True
Is 6999487 a multiple of 13?
False
Does 2473 divide 25949189?
True
Does 1413 divide 115589052?
True
Does 97 divide 805085644?
True
Is 24 a factor of 163140280?
False
Is 61 a factor of 981810494?
True
Does 1064 divide 26708528?
True
Is 1219 a factor of 346092662?
False
Is 159 a factor of 48918894?
True
Is 98368957 a multiple of 1063?
True
Is 1608 a factor of 344894984?
False
Is 44477496 a multiple of 2744?
True
Is 8 a factor of 32812416?
True
Does 11 divide 5088719?
False
Does 614 divide 61728955?
False
Is 8801617 a multiple of 253?
True
Does 22 divide 421264250?
True
Is 6 a factor of 637167193?
False
Does 5 divide 4364076?
False
Does 6822 divide 636854166?
True
Is 19 a factor of 10142424?
False
Does 2929 divide 72445886?
True
Does 376 divide 8337424?
True
Is 1410473933 a multiple of 25?
False
Is 125820458 a multiple of 3752?
False
Does 82 divide 573977246?
False
Is 279637148 a multiple of 805?
False
Does 62 divide 9356681?
False
Is 3189 a factor of 331145760?
True
Is 816 a factor of 169280016?
True
Is 118033833 a multiple of 589?
True
Is 28 a factor of 2401593?
False
Is 120605868 a multiple of 133?
False
Is 13 a factor of 1094444970?
False
Is 246 a factor of 31408050?
True
Is 856426 a multiple of 4?
False
Is 1663 a factor of 22526998?
True
Is 237620127 a multiple of 14?
False
Is 80938621 a multiple of 379?
False
Does 5412 divide 87799818?
False
